atest common factor of v and 258.
6
Let v be 1900/30 - (-1)/(-3). Calculate the greatest common divisor of 231 and v.
21
Suppose 368 = 15*d - 11*d. Suppose 8*f = -12 + d. Suppose -197 = -4*o - i - 0*i, 4*o - 4*i - 212 = 0. What is the highest common factor of f and o?
10
Let s = 47 - -47. Suppose -2*o - 4*h = -76, 3*o + h - s = -0*o. Let x be 2/(-4) - 93/(-6). Calculate the highest common divisor of x and o.
15
Let q be 2/2 + 2*6. Let v(j) = -j**2 - 6*j + 2. Let x be v(-4). Let o be (-10)/(-25) - (-256)/x. What is the greatest common factor of q and o?
13
Let u be (-20)/((-5)/12*42/105). Calculate the greatest common divisor of 3480 and u.
120
Let k(p) = -6*p**3 - 2*p - 4. Let m be k(-2). Let x = 56 - m. Calculate the highest common factor of 4 and x.
4
Let u(p) = p**3 - 16*p**2 + 12*p - 115. Let i be u(16). Calculate the greatest common divisor of i and 7.
7
Let j = 25 - 16. Let w(k) = k**3 - 8*k**2 - 9*k + 5. Let m be w(j). Suppose -o - q + 14 = 3*o, m*o - 28 = 4*q. What is the highest common factor of 16 and o?
4
Let b be 26 + -29 + -2*13/(-2). Calculate the highest common divisor of b and 410.
10
Let y = 491 - 275. Let c = -3 - -30. What is the highest common factor of y and c?
27
Let o(b) = 7 - 7*b - 3 - 3*b + 4. Let r be o(-7). Let i = -54 + r. What is the greatest common divisor of 8 and i?
8
Let s be (-1 + 6)/((-17)/(-68)). Suppose 80 = -s*d + 25*d. Calculate the greatest common factor of d and 80.
16
Let n = 32 - 32. Suppose o - 5*s + 11 = 0, -4*o + n*s = -2*s + 80. Let r = 29 + o. What is the highest common divisor of r and 40?
8
Suppose -x = -2*w + 221, 4*w - 3*w + 5*x - 127 = 0. Calculate the greatest common factor of w and 64.
16
Suppose -119*q = -96*q - 2185. Calculate the highest common divisor of q and 1045.
95
Suppose -c + 45 = 5*i - 6*c, 4*i + 5*c = 0. Let f = 3573 - 3518. What is the greatest common divisor of i and f?
5
Suppose 0*p - p + 3*k + 9 = 0, 5*p = -k + 13. Let z(x) = 13*x + 6 - 8*x + 13*x - 5*x + 13*x. Let y be z(p). Calculate the greatest common divisor of 14 and y.
14
Suppose -13*i + 31 = -34. Let h = 30 - 15. What is the greatest common factor of i and h?
5
Let k(z) = 492*z - 308. Let b be k(3). What is the greatest common factor of b and 16?
16
Suppose 0 = -2*u + 5*i + 103, 4*i - 123 = -2*u + 5*i. What is the greatest common divisor of 2 and u?
2
Suppose x = -3*q + 2, 2*x - 3*q - 6 = -x. Let k(d) = -7*d - 3 - 11*d**2 + 13*d**x + 2*d. Let h be k(9). Calculate the highest common divisor of h and 19.
19
Let r(q) = -q**3 + 6*q**2 + q. Let l be r(6). Let o(u) = 10*u**3 - 4*u**2 + 16*u - 18. Let v be o(2). What is the highest common divisor of l and v?
6
Let q = -53 + 70. Let a(z) = 153*z**2 + z - 1. Let n be a(1). Calculate the greatest common factor of n and q.
17
Suppose -5*b - 61 = -71, 2*m = 2*b + 386. Let v = 177 - 99. What is the highest common factor of v and m?
39
Suppose 10*y + 65 = 15*y. Suppose -4*z + 5*z = y. Calculate the highest common divisor of 130 and z.
13
Let u be 1084/(-10) + (-12)/20. Let g = u + 189. What is the greatest common divisor of g and 10?
10
Let x(k) = 3*k**2 + 31*k + 12. Let j be x(-10). What is the greatest common divisor of j and 5?
1
Suppose -2 = -18*c + 52. Calculate the highest common divisor of c and 57.
3
Suppose 2*g + 1 = 9, h - 2*g - 73 = 0. Calculate the greatest common factor of h and 135.
27
Let p(u) = -6*u + 9*u**2 + 22 + u - 2*u - 8*u**2. Let o be p(6). What is the greatest common factor of 8 and o?
8
Let d(k) = -k**3 - k**2 + k. Let t(x) = -x**3 + 16*x**2 + 3*x - 12. Let b(g) = 2*d(g) - t(g). Let r be b(-19). What is the greatest common factor of r and 49?
49
Suppose d + 8*m - 6*m - 36 = 0, 5*d - 2*m - 120 = 0. What is the greatest common factor of d and 117?
13
Let w = 46 - -140. Suppose 2*h = -4*h + w. Calculate the highest common divisor of 341 and h.
31
Let k = -227 + 267. What is the highest common factor of 320 and k?
40
Let d(h) = h**3 - h**2 - 8*h + 12. Let q be d(5). Let k = 194 + -146. Calculate the highest common divisor of q and k.
24
Suppose 4*w = -0 - 8, 4*w - 40 = -4*j. What is the highest common divisor of j and 504?
12
Let k be (35/(-10))/(1/(-2))*1. Suppose -9*t = -k*t - 20. Suppose -4*u - 192 = -5*z, 2*z - 2 - 80 = -u. What is the greatest common factor of z and t?
10
Let q(d) = -d**3 - 14*d**2 + 33*d + 88. Let b be q(-16). What is the greatest common factor of 8 and b?
8
Let v be (-40)/(-15) + 2/6 + -1. Suppose 12 = v*j - 16. What is the greatest common factor of j and 56?
14
Let x = 3763 - 2146. Calculate the highest common divisor of 294 and x.
147
Suppose 20*x - 79 = 61. Calculate the greatest common divisor of 4 and x.
1
Suppose -1009 = -9*p - 253. What is the highest common factor of 108 and p?
12
Suppose -h + 2*v + 1258 = 0, 7 + 3 = -2*v. What is the greatest common divisor of h and 52?
52
Suppose 17*k - 19*k = -100. Calculate the greatest common divisor of 2 and k.
2
Let k(z) = -z**2 + 9*z + 1. Let b be k(8). Let u(f) = -f**2 + 11*f - 7. Let w be u(b). Calculate the greatest common divisor of w and 99.
11
Let t(x) = x**2 - 4. Let b be t(-3). Suppose -20*i - 18*i + 950 = 0. Calculate the highest common divisor of i and b.
5
Suppose 2968 = 16*i - 2216. Calculate the greatest common divisor of 405 and i.
81
Let u(o) = 2*o**2 + 0 - 7*o**2 + 16*o - 29*o**3 + 19 + 28*o**3. Let s be u(-7). Calculate the highest common factor of s and 45.
5
Let l(u) be the second derivative of 11*u**3/6 - u**2/2 - 4*u. Let q be l(1). Suppose -20 = 2*j - 4*j. What is the greatest common factor of j and q?
10
Let u(i) = -2 - 5 - i + 2*i + i. Let f be u(4). Calculate the highest common divisor of f and 3.
1
Let p(u) = -u**2 - u - 3. Let b be p(-5). Let k = b + 42. Let j = 2834 + -2777. What is the greatest common factor of j and k?
19
Suppose -369*u + 366 = -366*u. Calculate the greatest common divisor of 305 and u.
61
Let b(n) = n + 7*n**2 + 7*n**2 - 3*n - 1. Suppose 10 = -14*f - 4. Let i be b(f). Calculate the greatest common factor of i and 45.
15
Suppose 0 = 2*n - 0*n - 18. Let x be 218*4/6 + (-2)/6. Suppose x = 4*u - 35. Calculate the highest common divisor of n and u.
9
Let c = 933 + -921. Calculate the greatest common factor of c and 1668.
12
Let c be (-4)/(-6) + (-2630)/(-15). Let m be 3196/204 + (-1)/(-3) + 0. Calculate the greatest common factor of c and m.
16
Suppose 0 = -5*v + 10 + 50. Let r(h) = h**2 + h - 4. Let j be r(3). Let x = j - -10. What is the greatest common divisor of v and x?
6
Let u(q) = q**3 + 6*q**2 + 2*q + 8. Let v = 4 - 10. Let p be u(v). Let m be p + (9/1 - 1). What is the highest common factor of 28 and m?
4
Let d(t) = -12*t - 3. Let f be d(3). Let i be (36/(-10))/(f/1040). Calculate the highest common divisor of i and 12.
12
Suppose -10*f + 46139 - 4829 = 0. What is the greatest common divisor of 17 and f?
17
Let n(q) = -q**3 + 13*q**2 + 14*q - 2. Let l = 40 - 14. Suppose l = 6*m - 4*m. Let u be n(m). Calculate the highest common divisor of 18 and u.
18
Suppose 3*h - f - 42 = -5*f, 3*h - 60 = 2*f. Let b = h + -17. Let q be ((-33)/6)/(b/(-2)). What is the highest common factor of q and 55?
11
Let o(v) = -v - 2. Let t be o(-23). What is the greatest common factor of t and 1029?
21
Let y be (-1 - 16)/((-2)/6). Let s(m) = m**2 - 15. Suppose 3*f - n = 16, -4*f = n - 2*n - 23. Let g be s(f). Calculate the greatest common factor of y and g.
17
Suppose -10*q + 5*q + 320 = 0. Suppose -2*t - 22 = -3*d, 5*d = 3*t + 7 + 30. Calculate the highest common divisor of d and q.
8
Let g(n) = -5*n**3 - 1. Let l be g(-2). Let i be 8/32 - 51/(-4). Calculate the greatest common divisor of l and i.
13
Suppose 54*k - 2574 = -24*k. Calculate the greatest common divisor of 759 and k.
33
Let a(d) = d + 1. Let h be a(5). Suppose h*m = 10*m - 16. Calculate the greatest common factor of 4 and m.
4
Let k be 8/12 + (-7)/(-3). Suppose d + 4*h = -4, 0*d - 5*h = d + k. Let z = d - -29. Calculate the greatest common divisor of 14 and z.
7
Let p = 19 + 4. Suppose -v + 4*s + 10 = 0, 2*v = s - 0*s + 6. Suppose b - 69 = -v*b. What is the highest common factor of b and p?
23
Let k = -881 + 898. What is the highest common divisor of 969 and k?
17
Let h be ((-24)/16)/(6/(-512)). Let q = 26 + h. Calculate the highest common factor of 14 and q.
14
Let q be ((-3)/(-5))/(1/5). Le